5. What is the tens digit of s?
3
Suppose -14 = 2*y - 16. Let w(m) = 427*m**2 + 4*m - 5. What is the units digit of w(y)?
6
Let o = -72 - -289. Let l(m) = m**3 + 5*m**2 - 2*m - 28. Let g be l(-4). What is the hundreds digit of -1 + -2 - (8 + g - o)?
2
Let n(w) = -w**3 + 5*w**2 + 12*w + 2500. What is the hundreds digit of n(0)?
5
Suppose 0*a = a - 3. Let i be 0/(3 + -1 - a). Suppose i = 5*v - 50 - 300. What is the tens digit of v?
7
Let c(z) = -28*z + 35. Let g be c(-16). Let n = g + -711. Let y = -138 - n. What is the units digit of y?
0
Let p be 125/(-35) + 3/(-7). What is the tens digit of (-2)/p*(138 + -16)?
6
Let z(t) = 2*t + 24. Let w be z(-15). Let j(q) = q**2 + 5*q - 3. Let x be j(w). Suppose -x*b + 2*p = -b - 226, 0 = 3*b + 2*p - 359. What is the tens digit of b?
1
Let x(k) = k**3 - 19*k**2 + 28*k + 26. Let p be x(17). What is the units digit of 209/p*1/((-1)/148)?
7
Let k be (-1 - 111/21) + (-4)/(-14). Let u be k/(-15) + ((-4)/10 - -3). Suppose 5*s - 4*j - 528 = -0*j, 5*s - 514 = -u*j. What is the tens digit of s?
0
Let x = -214 - -221. What is the units digit of (-2 - 1)/(x/(-2828)) + -2?
0
Let k(p) = -2*p - 6. Let z be k(-3). Let r = z + 11. Suppose r*u - 746 + 207 = 0. What is the tens digit of u?
4
Let z(g) = g**2 - 342*g + 128. What is the thousands digit of z(-42)?
6
Suppose -28*q + 44*q = -33216. Let w = -1264 - q. What is the tens digit of w?
1
Suppose 126*y - 201 - 252 = -75. Suppose 6 = -m + 3*m. Suppose -m*t - 2*t = -5*v - 420, y*t + 3*v = 246. What is the units digit of t?
3
Let t = -24622 - -36922. What is the tens digit of t?
0
Suppose 8 = -2*k + 6*k. Let q be ((-5)/2 + 2)/(k/(-20)). Suppose -2*x - 134 = -j - 464, -q*j = -2*x + 314. What is the units digit of x?
7
Suppose 5*z = -5*u + 120, -6*u + 7*u - 111 = -4*z. Let r = 215 + z. What is the tens digit of r?
4
Suppose -5*f = -c - 2*c + 101, -4*f - 97 = -3*c. Suppose -19 = 2*z - 79. Suppose z*i - 399 = c*i. What is the hundreds digit of i?
1
Let g be 3/(-2)*(-16)/12. Suppose 3*u - 14 = -5*n - 1, 5*n - g*u = 33. Suppose -2*m + 15 = 3*m, -n*m - 51 = -3*v. What is the units digit of v?
2
Let t(g) = 13*g + 9. Let u(k) = -k**2 - 14*k + 6. Let y be u(-9). Suppose 8*v - y - 21 = 0. What is the hundreds digit of t(v)?
1
Let u = -381 - -397. Suppose 19*l - 492 = u*l. What is the units digit of l?
4
Suppose 58*v = 5*d + 71*v - 141729, -5*d + 141696 = 2*v. What is the units digit of d?
8
What is the tens digit of 4*(-22215)/(-11) + 254/(-1397)?
7
Suppose 0 = j + 112 - 471. Suppose 3*y - 1445 = -j. What is the tens digit of y?
6
Let f(t) = 1999*t**2 + 41*t + 15. What is the units digit of f(-2)?
9
Let r = 2618 + 2921. What is the thousands digit of r?
5
What is the hundreds digit of ((-25)/15)/((-35)/192612)?
1
Let k = 2794 - -2360. What is the tens digit of k?
5
Suppose -27*r - 4 = -58. Suppose -2*v = -3*g + 3233, 4*v - 2*v - 2172 = -r*g. What is the tens digit of g?
8
Suppose -q - 5*g + 18 = 0, 3*g - 50 = -34*q + 39*q. Let w be (18/(-12))/(3/(-40)). What is the units digit of -3 + (-12)/(-4) + q + w?
3
What is the thousands digit of (-12 - 8) + 22 - -59817?
9
Let u = -3837 + 9595. What is the units digit of u?
8
Let d be 4 + 2 + (-4410)/(-6). Suppose d = 7*n + 426. What is the tens digit of n?
4
What is the ten thousands digit of 12/8*332464/24 + -5?
2
Let f be 3410/(-14) + 30/(-70). What is the units digit of 75/(-100)*3/1*f?
9
Suppose 1700974 - 1003816 = 119*m - 2974587. What is the hundreds digit of m?
8
Let a be 287/91 - (-4)/(-26). Let n(l) = 5*l**a + 3 - 1 + 2*l**2 - 4*l**3 - l + 0. What is the units digit of n(4)?
4
Suppose -37*i + 1048140 = 26*i + 72*i. What is the tens digit of i?
6
Let z(k) = k**2 + 21*k - 43. Let l be 1/(4 + (-329)/84). What is the units digit of z(l)?
3
Let q = 483 - -446. Let k = q + -314. What is the tens digit of k?
1
Suppose -3*y + 48704 = s, 29*s = -2*y + 32*s + 32473. What is the hundreds digit of y?
2
Let j(g) be the third derivative of -1153*g**4/24 + 4*g**3/3 + 2*g**2. Let k be j(-3). Suppose -13*d = 1283 - k. What is the hundreds digit of d?
1
Let v = 28263 - 12944. Suppose 0 = -21*h - 3412 + v. What is the hundreds digit of h?
5
Let t be 292/(-18) + -4 + 152/36. What is the units digit of (344/(-12))/(t/120)?
5
Let f(t) = 2*t + 5. Let m(x) = -2. Let b(r) = -2*f(r) - 6*m(r). Let n be b(0). Suppose n*k - 7 = 2*i - 157, -255 = -3*i - 3*k. What is the tens digit of i?
8
Let s(u) be the second derivative of u**5/20 - 13*u**4/12 - 7*u**3/3 - 27*u. Let i be s(14). What is the units digit of 50 + (10 - i - 5)?
5
Suppose 48*b + 192944 = 64*b. What is the thousands digit of b?
2
Let d(h) = -804*h**3 - 7*h**2 - 13*h - 4. Let k be d(-3). What is the hundreds digit of (-8)/(-12) + k/24?
9
Let p = 2721 - -2882. What is the hundreds digit of p?
6
Let b be (3 - -16)/((-7)/(-14)). Let q = 285 - b. What is the tens digit of q?
4
Let y(b) = 92*b + 117. Let a = 446 - 439. What is the tens digit of y(a)?
6
Let l be 1122 + -5 + 9 + -7. Suppose 2*d + l - 3703 = 0. What is the units digit of d?
2
Let b be (304/(-2))/(1/40). Suppose 11*p - 9*p + 59 = -3*k, 4*p - 3*k = -109. What is the units digit of (b/p)/4 + (-6)/21?
4
Let k(m) = m**2 - 10*m + 7. Let h(x) = x + 1. Let c(w) = 4*h(w) - k(w). Let g = -423 - -428. What is the tens digit of c(g)?
4
Let h(r) = -r**3 + 36*r**2 + 48*r - 192. What is the units digit of h(35)?
3
Suppose -375320 = -34*a + 26*a. What is the thousands digit of a?
6
Suppose -27*f + 537775 + 277301 = 0. What is the thousands digit of f?
0
Suppose 2*x = 9 + 31. Let n(j) = 10 - 10*j - 11 + x + 7*j**2 - 6*j**2. What is the tens digit of n(11)?
3
Let k be (2/4)/((-2)/(-4)*-1). What is the units digit of (-319 - 8)/((-6)/(-8)*k)?
6
Let u(w) be the second derivative of 13*w - 13/2*w**2 + 2/3*w**4 + 0 - 1/20*w**5 + 1/3*w**3. What is the tens digit of u(6)?
7
Let f(h) = -2402*h**2 + 29*h - 26. Let p(r) = -800*r**2 + 10*r - 9. Let d(g) = -4*f(g) + 11*p(g). What is the tens digit of d(1)?
0
Let g(m) = -m**2 + 17*m - 20. Let d be g(15). Let a be (-46)/d + 10/(-25). Let p = a + 42. What is the tens digit of p?
3
Let o(v) = -117*v + 12. Let j be o(-2). Let g = j - -223. What is the hundreds digit of g?
4
Let g = 12 + 21. Let v(s) = -s**2 + 54*s - 79. What is the tens digit of v(g)?
1
Let g be (-2)/4*(-2 - -4). What is the hundreds digit of (-1)/g - 1/(3/(-945))?
3
Let i = 77 + -70. Let h(x) = -i*x - 35 + 63*x + 41. What is the tens digit of h(2)?
1
Suppose 22*s = 128566 + 10254. What is the units digit of s?
0
Let w = 10392 + -3620. What is the thousands digit of w?
6
Suppose -122*l = 52*l - 9865278. What is the hundreds digit of l?
6
Suppose 21430 = 5*p - 4*x, 5*p + 14*x - 21430 = 11*x. Suppose 0 = -8*h + 362 + p. What is the units digit of h?
1
Let c be 5/(1*(-2)/(-102)) - 3. Let f = c + -167. What is the tens digit of f?
8
Let o(m) = -11*m - 11. Suppose -25 = b - 0*b - 4*p, 5 = 2*b + 3*p. Let f be o(b). Suppose 47 = 2*q - x, -2*q = x + 7 - f. What is the units digit of q?
1
Let j(i) = 2*i**2 + 23*i + 51. Let t be j(-10). Suppose 4*k - 16*s - 4540 = -t*s, -1135 = -k - s. What is the hundreds digit of k?
1
Suppose 2*w = 4*r - 38, -5*r - 5*w + 26 = -4*r. Suppose 8759 + 10348 = r*z. Suppose -15*g + 6*g + z = 0. What is the units digit of g?
3
Let a(n) = -1444*n + 1785. What is the tens digit of a(-7)?
9
Suppose 3*w + 21 = -3*q, w + 3*q + 6 = 5. What is the hundreds digit of 2355/6 - w/20?
3
Let k = 3523 - 2929. What is the hundreds digit of k?
5
Let k = -80 - -115. Suppose 0 = -k*q + 29*q + 1182. What is the tens digit of q?
9
Suppose -2*v - 5 = -3*v. Let f = 166 - -26. Suppose c + 4*c - f = -w, -v*c = -w + 212. What is the hundreds digit of w?
2
Let g(t) = t**3 - 7*t + 4. Let h be (-57)/(-15) + (-1)/(-5). What is the tens digit of g(h)?
4
Let d be (-11 + 2)*24/(-32)*-4. Let v(i) = -i**3 - 28*i**2 - 37*i - 64. What is the tens digit of v(d)?
0
Let t = 59 - 56. Let y = 177 + -91. Suppose -3*u + t*r = -2 - 244, -u + 5*r = -y. What is the units digit of u?
1
Suppose -r = 2*m - 7, 5*m - 4*r = -0 + 11. What is the hundreds digit of (-17164)/(-21) + (-1)/m?
8
Let c(v) = 37623*v**2 - 29*v - 1. What is the thousands digit of c(-1)?
7
Let w(y) = -y**3 - 7*y**2 + 6*y + 70. Let x be w(-6). What is the tens digit of -79 + 83 - (-13)/x*-6?
4
Suppose -107 + 17 = -3*q.